 30664?
-30605
In base 5, what is 1403421 + -2?
1403414
In base 2, what is -111011000001010011 - -100?
-111011000001001111
In base 9, what is 181216 + 8?
181225
In base 9, what is 346 + -2657?
-2311
In base 8, what is -1 - -1214?
1213
In base 10, what is 201 + -150?
51
In base 2, what is -100011101 + 1101010000?
1000110011
In base 13, what is 2a2 - 262?
40
In base 4, what is -21200110 + 0?
-21200110
In base 15, what is 2 - -2b19?
2b1b
In base 5, what is 244 + 44011?
44310
In base 2, what is -10010010100 - -110010?
-10001100010
In base 16, what is -22a - -229?
-1
In base 14, what is -dd401 + -3?
-dd404
In base 4, what is 1222303301 + -2?
1222303233
In base 6, what is 20 + -324002?
-323542
In base 10, what is 4379 - 184?
4195
In base 2, what is -111011 - 101100011001?
-101101010100
In base 4, what is 2012013 + -1013?
2011000
In base 13, what is 11072 + 0?
11072
In base 10, what is 3 + 39348?
39351
In base 2, what is -101 + 1001010010000011?
1001010001111110
In base 4, what is 23001 + -21222?
1113
In base 12, what is -86 - -3a1?
317
In base 5, what is -2 + 2222344?
2222342
In base 10, what is -2 + -79559?
-79561
In base 15, what is 1b + ea1?
ebc
In base 5, what is 202 + -1042411?
-1042204
In base 9, what is -68015 + 4?
-68011
In base 3, what is 10 - 110001110220?
-110001110210
In base 8, what is -204 + -3347?
-3553
In base 5, what is -120 + 13113?
12443
In base 5, what is 3113333 + -104?
3113224
In base 16, what is -72 + 79?
7
In base 10, what is 2 - 20271?
-20269
In base 6, what is -15 - -423?
404
In base 16, what is -6cc + -a?
-6d6
In base 6, what is -11235140 - 5?
-11235145
In base 16, what is 64f4 - 1?
64f3
In base 16, what is 29e - -32?
2d0
In base 9, what is -84671 - -5?
-84665
In base 10, what is 6 - 53830?
-53824
In base 13, what is -97 - -296?
1cc
In base 3, what is 2 - -2002111022?
2002111101
In base 12, what is 39 + -3761?
-3724
In base 6, what is 5233504 - 0?
5233504
In base 2, what is -111 + 1010010000101010?
1010010000100011
In base 16, what is -a677 + -5?
-a67c
In base 3, what is -10220001 + 220?
-10212011
In base 12, what is 94ab65 - 2?
94ab63
In base 2, what is 101001010000100 + 0?
101001010000100
In base 5, what is 24 + 1202204?
1202233
In base 7, what is -16266 - 1142?
-20441
In base 16, what is -118585 - 2?
-118587
In base 14, what is -22a6 - -4?
-22a2
In base 9, what is -2221 + -32?
-2253
In base 8, what is 5 - 150643?
-150636
In base 13, what is -13 - -2cb0?
2c9a
In base 11, what is 29a + 616?
905
In base 16, what is -3 + -6439?
-643c
In base 5, what is -1431110123 - -10?
-1431110113
In base 5, what is -2 + 2232432?
2232430
In base 14, what is -224 + 4?
-220
In base 11, what is 86002 - -5?
86007
In base 8, what is -16 + 450?
432
In base 11, what is -456a90 + -4?
-456a94
In base 11, what is -41 + -1534?
-1575
In base 7, what is -2 - -5432?
5430
In base 10, what is -106026 - 10?
-106036
In base 3, what is -2210021 + 1022?
-2201222
In base 6, what is -3 + 113030?
113023
In base 15, what is a - 7ec?
-7e2
In base 5, what is 1042 - 3201?
-2104
In base 16, what is b11e3 - 1?
b11e2
In base 10, what is -6 - -13204?
13198
In base 3, what is 100222 - 222220?
-121221
In base 14, what is -7 - -36d?
366
In base 14, what is 26 - c943?
-c91b
In base 5, what is 1 + 340433004?
340433010
In base 6, what is -45241531 + 3?
-45241524
In base 4, what is -1113 - 332200?
-333313
In base 7, what is 335063 + 3?
335066
In base 5, what is 221442 + -1?
221441
In base 2, what is 100 - 1100001000100111100?
-1100001000100111000
In base 14, what is -2a09 - 3?
-2a0c
In base 6, what is -13 - 1423143?
-1423200
In base 7, what is 306220 - -4?
306224
In base 10, what is -2932 + -2092?
-5024
In base 10, what is 109 + -16863?
-16754
In base 11, what is -3706 - -5?
-3701
In base 7, what is -116 - -1263?
1144
In base 7, what is -46 - -2434?
2355
In base 6, what is 40100 + -24?
40032
In base 13, what is -181 + -1497?
-1648
In base 6, what is 4 - 104550?
-104542
In base 2, what is -1011101001 - -10010111?
-1001010010
In base 9, what is -14 - 240325?
-240340
In base 9, what is -1628 + -61?
-1700
In base 9, what is 17 - 66252?
-66234
In base 7, what is 6545 + -45?
6500
In base 14, what is -1a - -5c71?
5c55
In base 3, what is -1011000112 - -1?
-1011000111
In base 14, what is 17 - -20a0?
20b7
In base 9, what is 55348 - -10?
55358
In base 16, what is 121 + 93?
1b4
In base 2, what is 111 - -1100101010000?
1100101010111
In base 13, what is 469 - -998?
1134
In base 5, what is -111033 + -110?
-111143
In base 3, what is 11112112201 + 10?
11112112211
In base 2, what is 11011001 + 1100001000011?
1100100011100
In base 10, what is -5218 - -49?
-5169
In base 2, what is 1100110000 - 11011?
1100010101
In base 10, what is 0 + 64872?
64872
In base 14, what is 1 - -4b49c?
4b49d
In base 16, what is 4 - 159ff?
-159fb
In base 6, what is -103412 + -3152?
-111004
In base 8, what is 71 + -24505?
-24414
In base 6, what is 11 - 11111?
-11100
In base 13, what is 24 - -3108?
312c
In base 8, what is 24 + -274?
-250
In base 11, what is a33 - 475?
569
In base 3, what is 1012 - -112100220?
112102002
In base 6, what is 105543 - 1?
105542
In base 15, what is -117 - 4b?
-163
In base 5, what is 1004 + -41411?
-40402
In base 15, what is 4 + -28e?
-28a
In base 4, what is 10 - -312032?
312102
In base 16, what is -22 + d7?
b5
In base 9, what is 1676141 + 2?
1676143
In base 14, what is -a484b - 4?
-a4851
In base 6, what is 5 + -312440?
-312431
In base 9, what is 2 - -284170?
284172
In base 13, what is 2a9 + 6?
2b2
In base 11, what is 4 - 100839?
-100835
In base 14, what is -872 - 36?
-8a8
In base 7, what is 246141 + -5?
246133
In base 7, what is 106 + -645?
-536
In base 12, what is -4 + -95793?
-95797
In base 15, what is -4 - 772ab?
-772b0
In base 12, what is 8646a0 - 5?
864697
In base 15, what is -2b - 97e?
-9aa
In base 3, what is -1022 - 2121020021?
-2121021120
In base 4, what is 120 - -13132?
13312
In base 11, what is 5a600 - 1?
5a5aa
In base 14, what is -723 - 696?
-db9
In base 2, what is 110 + 10111011001001110000?
10111011001001110110
In base 14, what is -944 - 10?
-954
In base 5, what is -40 + 1400012?
1344422
In base 9, what is -366 + 11?
-355
In base 12, what is 74 + 11508?
11580
In base 11, what is 4315 + -116?
41aa
In base 15, what is 81 - -176?
207
In base 5, what is -44 - -43242?
43143
In base 13, what is 1343b9 + 1?
1343ba
In base 6, what is -4 + 252502?
252454
In base 12, what is -8 - -2b45?
2b39
In base 3, what is -101121121 + -21?
-101121212
In base 14, what is -1 - 486d0?
-486d1
In base 6, what is -4 + 24454?
24450
In base 13, what is -19 + 1367?
134b
In base 8, what is 5263 - 11?
5252
In base 12, what is 78bb4 + 2?
78bb6
In base 8, what is -2401 - 124?
-2525
In base 4, what is -1 + 221013103?
221013102
In base 7, what is -2 + -634152?
-634154
In base 8, what is 27 + 4227?
4256
In base 13, what is -3b8 - 40?
-428
In base 5, what is -11031342 - 20?
-11031412
In base 9, what is -1251 + 26?
-1224
In base 6, what is 341 + 415?
1200
In base 9, what is -110454 - -8?
-110445
In base 15, what is -73c - 225?
-962
In base 15, what is -1ee21 - -1?
-1ee20
In base 6, what is 4 + 2000355?
2000403
In base 8, what is -31474 - 37?
-31533
In base 14, what is 4 + d34cd?
d34d3
In base 14, what is -1c2d7 + 10?
-1c2c7
In base 8, what is -163425 - 3?
-163430
In base 13, what is 33 - -27898?
278cb
In base 6, what is 414430 + 11?
414441
In base 10, what is -4463944 - 3?
-4463947
In base 14, what is -273dd - -3?
-273da
In base 4, what is -10011 - 32021?
-102032
In base 2, what is -100101000001010011 + 101?
-100101000001001110
In base 14, what is 5206 - 5?
5201
In base 13, what is a154 + 2?
a156
In base 6, what is -4304004 - 4?
-4304012
In base 4, what is 110110 + -1003132?
-233022
In base 6, what is -145004 - 45?
-145053
In base 9, what is 122 + 843?
1065
In base 7, what is -10255 + 32?
-10223
In base 4, what is 10332310 + -1112?
10331132
In base 9, what is -1024107 + 8?
-1024088
In base 11, what is -74a8 + -113?
-7610
In base 4, what is -32212011 - -11?
-32212000
In base 14, what is -4 - -3c013?
3c00d
In base 3, what is 11121 + 10001?
21122
In base 14, what is -4 + -26c?
-272
In base 8, what is 75 + -66046?
-65751
In base 2, what is 10010001 + -10110011?
-100010
In base 10, what is 4776 - 4?
4772
In base 3, what 